 + 26?
19
-2 - ((1 - 6 - -3) + 0 + -2)
2
What is the value of -8 + -9 + 15 - (10 - 15)?
3
Evaluate -17 - -9 - (11 - 16).
-3
Evaluate (0 - 8 - -1) + -13 + 5.
-15
Evaluate 9 - -2 - (-3 + 15 + -10 + 4).
5
5 + (-8 - -4) + -1 + 2 - 4
-2
(13 + -21 - -7 - -11) + -47
-37
What is the value of -22 - ((1 + 10 - 2 - 6) + -12)?
-13
What is -22 - (-36 + 10) - (0 + -7)?
11
What is -7 + -6 + 23 + 0 + -22?
-12
What is the value of 9 + (-16 - -34) + -21?
6
Calculate -3 - (-23 + 13 + 0).
7
Evaluate (13 - (28 + -47)) + -61.
-29
-13 + 15 + (9 - 4)
7
What is the value of -1 + 4 - 0 - (6 - 1)?
-2
Calculate -3 - (-32 + -21 + 63).
-13
Evaluate 6 - -10 - -2 - (8 + -1).
11
Calculate -2 - -4 - -9 - (257 - 248).
2
Calculate -5 + (-5 - (-21 - -10) - -1) + -7.
-5
4 + -1 + 8 + 7
18
What is 10 + 4 + -15 + (-17 - -9 - -3)?
-6
What is the value of 9 - (-33 + 67 - 22 - (0 - 1))?
-4
What is 2 + (-4 - -31) + (-3 - (-6 - 3))?
35
3 + 23 + -10 + -9
7
What is -22 + 21 - (-2 + 4) - -1?
-2
What is the value of (0 - 4 - (-17 + 5)) + 11?
19
Evaluate (26 - 10) + -31 + (-1 - -6).
-10
Calculate (2 - -1 - -1) + -1 + (-13 - -14).
4
What is the value of (14 - (-14 + 5)) + 0 - -7?
30
What is the value of -25 + 42 - (3 + 3)?
11
Calculate 32 + (1 - (1 - -14 - 8)).
26
Calculate -55 + 57 + (12 - (4 + -2)) + -3.
9
What is -7 - -25 - 26 - (0 - -9)?
-17
Evaluate 4 + (17 + -28 - 14).
-21
What is -7 + -1 - (-27 - -2 - -16)?
1
What is -4 + (-14 - (2 - 15)) + -7?
-12
-25 + 32 - (1 - (-2 + 1))
5
-39 + -25 + 3 + 40
-21
Evaluate (9 - (-21 - -2)) + -18.
10
What is the value of (26 - 2) + 0 - (19 + -1 - 14)?
20
Evaluate -106 + 94 - (-19 + 1).
6
Evaluate 0 + (-8 - (-14 + 11)) + 6 + 1.
2
What is 5 - (-27 + 24 + 24)?
-16
What is the value of (9 - 2) + (2 - (2 + (-6 - -4)))?
9
What is the value of (4 - (-12 - 4)) + (-17 - (1 + -18))?
20
33 + -24 + 11 + -3 - -10
27
Evaluate 8 + (-5 - 0) + -11.
-8
-172 - -144 - (3 - 0 - 15)
-16
Calculate (-16 - -1) + (-10 + -3 - (-18 + 2)).
-12
What is the value of -35 - (9 + 0 - (26 + -35 + 19))?
-34
What is -7 - -1 - (1 + 5) - 10?
-22
What is the value of -21 + 8 + 11 - (5 + -10)?
3
What is -6 + (3 + -8 + 4 + 2 - 3)?
-8
Evaluate 2 + 8 + 12 + -19.
3
Evaluate -3 - (10 + 2 + (2 - 1)).
-16
11 - -7 - (28 + (18 - 36))
8
What is the value of 2 + -8 + (22 - 12)?
4
What is (-1 - 1) + (7 - (-16 - -31))?
-10
Evaluate 19 - (-21 + (-5 - -44)).
1
-5 - (-10 + (5 - -12) - 7)
-5
Calculate 4 + 7 + -27 + 10 + 6.
0
What is the value of 4 + -7 + 6 + (-1 + 5 - -1)?
8
What is -27 - -1 - (1030 + -1050)?
-6
What is -17 + (-16 - -14) - -2?
-17
What is (-1 - (-1 + 1)) + (-1 - -11)?
9
Evaluate 9 - (25 - (37 - 25)).
-4
What is the value of (8 - 1) + -8 + 4?
3
Calculate -6 + -14 + -3 + 15 + (0 - 0).
-8
Calculate 12 - (-2 + 7 + (16 - 10)).
1
What is (-24 - 3) + 25 - 13?
-15
Calculate 11 - 0 - (-74 + 50 + 25).
10
Evaluate -10 - (-8 + -4) - -19.
21
What is the value of (-1 - -16) + -14 - -13?
14
What is the value of 4 + (-1 - (4 - 2)) - (-31 + 17)?
15
Calculate -32 - -45 - -47 - 31.
29
What is the value of (-22 - 3) + 24 + 7?
6
Evaluate 0 + -33 - (466 + -459).
-40
Evaluate 10 - (12 + 9 + -1 - -2).
-12
What is -8 - 2 - ((-5 - 28) + 23)?
0
Calculate 15 + (1 - 13) + -11.
-8
Calculate 53 + -36 - (-15 + 10 + 52).
-30
What is the value of (-1 - -16) + -10 - (16 + 0 - 0)?
-11
Evaluate -46 + 26 + 26 - (-34 + 4 + -2).
38
What is 7 - (0 - ((-6 + 5 - -7) + 3))?
16
Evaluate -80 + 82 - (3 + -6 - 13).
18
Evaluate 0 + (-2 - -4) - (6 + 14 + -5).
-13
What is 32 - 11 - (9 - 3)?
15
13 - (-17 + 13) - 15
2
Evaluate 7 + -16 + (1 - (-26 - -5) - -8).
21
Calculate -21 + (-14 - -23) - -15.
3
Calculate 33 + 8 + (-5 - 9) + 1.
28
59 + (7 + -14 - 20)
32
Calculate -5 - (-4 + 15 + -15 + -1 + -4).
4
56 + -24 + -8 - -9
33
Calculate 123 - 117 - (0 + (-6 - -1)).
11
Calculate -5 + 13 + (-19 + 11 - 23).
-23
What is (14 + 5 - 11) + -10?
-2
Calculate -6 + (13 - (15 - 5 - 4) - 6).
-5
-18 + 0 - (16 + (-40 - -22 - 2))
-14
Evaluate (-3 - (-2 + 1)) + 5 - (3311 + -3274).
-34
9 + -14 + (8 - (-7 - -7))
3
What is 509 + -507 + -33 + 0 + 3 + 1?
-27
Calculate (12 - (26 - 13)) + (23 - -5 - 5).
22
Evaluate -22 - (-62 + 25 - -3).
12
What is (334 - 333) + (-9 - (1 + (1 - 4)))?
-6
-36 - -14 - (-24 + 15)
-13
What is the value of 45 + -23 + -94 + 37?
-35
Calculate -46 + (26 - 1 - 1) + -12.
-34
Evaluate -9 - (13 - (14 + -7)).
-15
Calculate (-13 - 5) + (16 - (-8 + 29)).
-23
What is 23 + (-57 - (-22 + 20))?
-32
Evaluate (4 - -7) + -20 - -12.
3
What is -23 + (3 - -5) + 5?
-10
What is the value of -3 + -8 + 15 + (1 - 9)?
-4
What is the value of (619 - 632) + (3 - 2) + -19?
-31
Calculate -12 + (18 + -1 - 16) - 3.
-14
What is the value of -6 + 1 + 0 - (2 + -26 - -29)?
-10
What is (3 - 12) + -11 + 15 + -13 + 4?
-14
(-10 - (12 + -6 - 10)) + 6 + 2
2
What is 4 + (-9 - (19 - (10 + 4)))?
-10
Evaluate 10 + -11 + 14 + -9.
4
Calculate ((-1 - -12) + 29 + -35 - -3) + -5.
3
What is 9 - (2 + -7 + 7)?
7
What is the value of 5 + 1 + (2 - 12) - (8 - 2)?
-10
11 - (-3 + 12 - (13 + -8)) - 0
7
What is 9 + (-36 - -13) - (-42 - -3)?
25
Evaluate 74 - (15 - -10) - 48.
1
What is -1 + -1 + -5 - -11?
4
What is the value of (-15 - -30) + (2 - 8) - (-7 - -9)?
7
What is the value of -7 + (-23 - -16) + -1?
-15
-75 - (-31 + -16) - -47
19
What is the value of -12 + 5 + 14 + 5 + (4 - 32)?
-16
Evaluate (13 + -39 - -44) + (-2 - 1 - 3).
12
What is (-2 - (-8 - -11)) + (-7 - 0)?
-12
What is 4 + 27 - (-16 + 28)?
19
Evaluate 10 - (-24 - -24 - (-4 - 1)).
5
Calculate -78 - (-37 - (-24 - -29)).
-36
What is the value of -74 + 77 + (-1 - (-6 - -3)) + -4?
1
Calculate 2 + -3 + (36 - 27).
8
Evaluate 2 - (-4 + -4 + (5 - 2) + -9).
16
Calculate 64 + -25 - (22 + 7).
10
What is 35 - (16 - -14) - 15?
-10
What is the value of 2 + 2 + (6 + -11 - (4 + -17))?
12
What is 0 - (0 + -2 + 1) - (33 + -32)?
0
What is the value of (1 - -6) + (-32 - -11) + 13 + -1?
-2
What is the value of (254 - 245) + (1 - -10)?
20
What is 11 - (3 - -5) - 10?
-7
Evaluate 1 + -12 + (0 - 12 - (50 + -59)).
-14
What is the value of 1 - (-16 - 1 - (24 - (-9 - -22)))?
29
0 + -3 - (90 + -88)
-5
11 - 0 - (-1 + 30 + 8)
-26
Evaluate (115 - 115) + (-1 - -6).
5
What is -1 - (2 + -11 + 19)?
-11
What is the value of -8 - (1 - (-20 - -13))?
-16
Calculate 479 + -470 - (0 + 11 - -1) - -2.
-1
What is 0 + (1 - 1 - (-20 + 21)) - 1?
-2
What is the value of 18 + 0 - (59 - 52)?
11
What is the value of (0 - 3) + (10 - 42 - -10)?
-25
(42 - (-19 - -43)) + 1 + -12
7
Evaluate 0 + 6 - (-7 + 0 - -5) - 5.
3
158 + -174 - (-17 + 2)
-1
Evaluate 7 + (-19 - -16) - 14.
-10
Evaluate (-2 - (-5 - -5)) + (-3 - 11).
-16
Calculate 21 - 9 - (13 - (-12 - -7)).
-6
What is -18 + (-13 - -11 - -10)?
-10
Evaluate -24 + (22 + (-6 - 2) - 9).
-19
-48 + (8 - -30) - (1 - 4)
-7
(27 - 4) + (19 - 1 - 27)
14
What is (0 - 8) + 18 + 0 + (-4 - 3)?
3
Evaluate (-1 - -18) + (131 - 160).
-12
Evaluate 15 - (12 - 9 - -2 - -4).
6
What is the value of 1 + 4 + (257 - 277)?
-15
What is the value of 1 + (-7 - 0) + (-62 - -55)?
-13
Calculate -18 - (-18 + -23 + 4).
19
What is 1 + 12 + (17 - 16)?
14
Calculate (4 - (-1 + (1 - -9))) + -10.
-15
Evaluate 8 - (1 + -3 + (-25 - (1 - 25))).
11
Calculate 6 + 1 + -4 - (-17 + (-5 - -30)).
-5
Evaluate -2 + -5 + 2 + 23 + -7 + -12.
-1
What is the value of 30 + 16 + -21 - 7?
18
-1 + 17 + (8 - 9) + 6 + -10
11
Evaluate 2 + 5 + -57 - -35.
-15
What is the value of 30 + 13 + -13 - (7 + 3 + -3)?
23
What is (145 - 153) + (20 - 2)?
10
What is the value of 18 - (32 + 25 + -30)?
-9
Calculate (3 + -7 + 9 - (3 - 2)) + 6.
10
-5 + (15 - 23) + 14
1
Calculate 11 - ((-16 - -13 - (-3 + -16)) + -6).
1
What is the value of (-38 - -33) + (-2 - -1) + 4?
-2
Evaluate 11 - (4 - (4 + 12) - -18).
5
What is -1 - (45 + -46 + (-1 - -7))?
-6
What is the value of 8 - (-1 + 2 + -6)?
13
Calculate (-9 + -6 - -5) + -1.
-11
6 - (-5 - 3 - (-1 - -6))
19
11 - ((33 - 11) + -9)
-2
Evaluate -28 + (3 - -11) + -6.
-20
Calculate 16 - (5 - 12 - -18 - 6) - 7.
4
Calculate (-9 - -15) + 17 - 20.
3
What is (21 - 48) + 25 + (-6 - -2 - 3)?
-9
-18 + (31 - -2) + -15 + -11
-11
8 + (-6 - (9 + -6)) + 5
4
Calculate (20 - 2 - 0) + 11 + -43 + 41.
27
80 + -72 + 12 + 2
22
Evaluate (3 - (22 + -11)) + 6.
-2
Evaluate 12 - (2 + 0) - ((-55 - -28) + 23).
14
-6 + (-7 - -12 - (-1 - 0))
0
What is -112 - -145 - (22 + -1)?
12
Evaluate 17 + 10 + -26 + 7 + 2.
10
Calculat